{"id":1813,"date":"2023-07-06T18:40:38","date_gmt":"2023-07-06T15:40:38","guid":{"rendered":"https:\/\/danceteamroyal.com\/?page_id=1813"},"modified":"2023-08-06T18:17:21","modified_gmt":"2023-08-06T15:17:21","slug":"treeninglaager","status":"publish","type":"page","link":"https:\/\/danceteamroyal.com\/index.php\/treeninglaager\/","title":{"rendered":"Treeninglaager"},"content":{"rendered":"\t\t<div data-elementor-type=\"wp-page\" data-elementor-id=\"1813\" class=\"elementor elementor-1813\">\n\t\t\t\t\t\t\t<div class=\"elementor-element elementor-element-a2f15c2 e-flex e-con-boxed e-con\" data-id=\"a2f15c2\" data-element_type=\"container\" data-settings=\"{&quot;background_background&quot;:&quot;classic&quot;,&quot;content_width&quot;:&quot;boxed&quot;}\">\n\t\t\t\t\t<div class=\"e-con-inner\">\n\t\t<div class=\"elementor-element elementor-element-5dfbea1a e-con-full e-flex e-con\" data-id=\"5dfbea1a\" data-element_type=\"container\" data-settings=\"{&quot;content_width&quot;:&quot;full&quot;}\">\n\t\t\t\t<div class=\"elementor-element elementor-element-7d6797cb elementor-widget elementor-widget-image\" data-id=\"7d6797cb\" data-element_type=\"widget\" data-widget_type=\"image.default\">\n\t\t\t\t<div class=\"elementor-widget-container\">\n\t\t\t<style>\/*! elementor - v3.14.0 - 26-06-2023 *\/\n.elementor-widget-image{text-align:center}.elementor-widget-image a{display:inline-block}.elementor-widget-image a img[src$=\".svg\"]{width:48px}.elementor-widget-image img{vertical-align:middle;display:inline-block}<\/style>\t\t\t\t\t\t\t\t\t\t\t\t<img loading=\"lazy\" decoding=\"async\" width=\"1703\" height=\"2560\" src=\"https:\/\/danceteamroyal.com\/wp-content\/uploads\/2023\/08\/364547799_825554402288781_2361771678787594313_n-scaled.jpg\" class=\"attachment-full size-full wp-image-2074\" alt=\"\" srcset=\"https:\/\/danceteamroyal.com\/wp-content\/uploads\/2023\/08\/364547799_825554402288781_2361771678787594313_n-scaled.jpg 1703w, https:\/\/danceteamroyal.com\/wp-content\/uploads\/2023\/08\/364547799_825554402288781_2361771678787594313_n-200x300.jpg 200w, https:\/\/danceteamroyal.com\/wp-content\/uploads\/2023\/08\/364547799_825554402288781_2361771678787594313_n-681x1024.jpg 681w, https:\/\/danceteamroyal.com\/wp-content\/uploads\/2023\/08\/364547799_825554402288781_2361771678787594313_n-768x1154.jpg 768w, https:\/\/danceteamroyal.com\/wp-content\/uploads\/2023\/08\/364547799_825554402288781_2361771678787594313_n-1022x1536.jpg 1022w, https:\/\/danceteamroyal.com\/wp-content\/uploads\/2023\/08\/364547799_825554402288781_2361771678787594313_n-1363x2048.jpg 1363w\" sizes=\"auto, (max-width: 1703px) 100vw, 1703px\" \/>\t\t\t\t\t\t\t\t\t\t\t\t\t\t\t<\/div>\n\t\t\t\t<\/div>\n\t\t\t\t<div class=\"elementor-element elementor-element-52b6717 elementor-widget elementor-widget-text-editor\" data-id=\"52b6717\" data-element_type=\"widget\" data-widget_type=\"text-editor.default\">\n\t\t\t\t<div class=\"elementor-widget-container\">\n\t\t\t<style>\/*! elementor - v3.14.0 - 26-06-2023 *\/\n.elementor-widget-text-editor.elementor-drop-cap-view-stacked .elementor-drop-cap{background-color:#69727d;color:#fff}.elementor-widget-text-editor.elementor-drop-cap-view-framed .elementor-drop-cap{color:#69727d;border:3px solid;background-color:transparent}.elementor-widget-text-editor:not(.elementor-drop-cap-view-default) .elementor-drop-cap{margin-top:8px}.elementor-widget-text-editor:not(.elementor-drop-cap-view-default) .elementor-drop-cap-letter{width:1em;height:1em}.elementor-widget-text-editor .elementor-drop-cap{float:left;text-align:center;line-height:1;font-size:50px}.elementor-widget-text-editor .elementor-drop-cap-letter{display:inline-block}<\/style>\t\t\t\t<p>Osaledes laagris on lapsel vaja kaasa v\u00f5tta oma veepudel, spordiriided, tantsutreeningu riided+jalan\u00f5ud.<\/p>\t\t\t\t\t\t<\/div>\n\t\t\t\t<\/div>\n\t\t\t\t<\/div>\n\t\t<div class=\"elementor-element elementor-element-3da0e6f6 e-con-full e-flex e-con\" data-id=\"3da0e6f6\" data-element_type=\"container\" data-settings=\"{&quot;content_width&quot;:&quot;full&quot;}\">\n\t\t\t\t<div class=\"elementor-element elementor-element-1124cbc7 elementor-widget elementor-widget-heading\" data-id=\"1124cbc7\" data-element_type=\"widget\" data-widget_type=\"heading.default\">\n\t\t\t\t<div class=\"elementor-widget-container\">\n\t\t\t<style>\/*! elementor - v3.14.0 - 26-06-2023 *\/\n.elementor-heading-title{padding:0;margin:0;line-height:1}.elementor-widget-heading .elementor-heading-title[class*=elementor-size-]>a{color:inherit;font-size:inherit;line-height:inherit}.elementor-widget-heading .elementor-heading-title.elementor-size-small{font-size:15px}.elementor-widget-heading .elementor-heading-title.elementor-size-medium{font-size:19px}.elementor-widget-heading .elementor-heading-title.elementor-size-large{font-size:29px}.elementor-widget-heading .elementor-heading-title.elementor-size-xl{font-size:39px}.elementor-widget-heading .elementor-heading-title.elementor-size-xxl{font-size:59px}<\/style><h6 class=\"elementor-heading-title elementor-size-default\">Treeninglaager<\/h6>\t\t<\/div>\n\t\t\t\t<\/div>\n\t\t\t\t<div class=\"elementor-element elementor-element-576762fa elementor-widget elementor-widget-heading\" data-id=\"576762fa\" data-element_type=\"widget\" data-widget_type=\"heading.default\">\n\t\t\t\t<div class=\"elementor-widget-container\">\n\t\t\t<h1 class=\"elementor-heading-title elementor-size-default\">Laager<\/h1>\t\t<\/div>\n\t\t\t\t<\/div>\n\t\t\t\t<div class=\"elementor-element elementor-element-7581d33b elementor-widget elementor-widget-text-editor\" data-id=\"7581d33b\" data-element_type=\"widget\" data-widget_type=\"text-editor.default\">\n\t\t\t\t<div class=\"elementor-widget-container\">\n\t\t\t\t\t\t\t<p>Laste laagrid toimuvad koolivaheaegadel.<br \/>Meil on lapsel v\u00f5imalus osalaleda tantsulaagris ja spordilaagris. Laagris osalemiseks v\u00f5ta \u00fchendust treeneritega.<\/p>\t\t\t\t\t\t<\/div>\n\t\t\t\t<\/div>\n\t\t<div class=\"elementor-element elementor-element-295802f e-flex e-con-boxed e-con\" data-id=\"295802f\" data-element_type=\"container\" data-settings=\"{&quot;content_width&quot;:&quot;boxed&quot;}\">\n\t\t\t\t\t<div class=\"e-con-inner\">\n\t\t\t\t<div class=\"elementor-element elementor-element-442180b elementor-widget elementor-widget-image\" data-id=\"442180b\" data-element_type=\"widget\" data-widget_type=\"image.default\">\n\t\t\t\t<div class=\"elementor-widget-container\">\n\t\t\t\t\t\t\t\t\t\t\t\t\t\t\t\t<a href=\"https:\/\/danceteamroyal.com\/wp-content\/uploads\/2023\/08\/363878959_705081154778768_8230424760211796753_n-scaled.jpg\" data-elementor-open-lightbox=\"yes\" data-elementor-lightbox-title=\"363878959_705081154778768_8230424760211796753_n\" data-e-action-hash=\"#elementor-action%3Aaction%3Dlightbox%26settings%3DeyJpZCI6MjA3NSwidXJsIjoiaHR0cHM6XC9cL2RhbmNldGVhbXJveWFsLmNvbVwvd3AtY29udGVudFwvdXBsb2Fkc1wvMjAyM1wvMDhcLzM2Mzg3ODk1OV83MDUwODExNTQ3Nzg3NjhfODIzMDQyNDc2MDIxMTc5Njc1M19uLXNjYWxlZC5qcGcifQ%3D%3D\">\n\t\t\t\t\t\t\t<img loading=\"lazy\" decoding=\"async\" width=\"300\" height=\"200\" src=\"https:\/\/danceteamroyal.com\/wp-content\/uploads\/2023\/08\/363878959_705081154778768_8230424760211796753_n-300x200.jpg\" class=\"attachment-medium size-medium wp-image-2075\" alt=\"\" srcset=\"https:\/\/danceteamroyal.com\/wp-content\/uploads\/2023\/08\/363878959_705081154778768_8230424760211796753_n-300x200.jpg 300w, https:\/\/danceteamroyal.com\/wp-content\/uploads\/2023\/08\/363878959_705081154778768_8230424760211796753_n-1024x681.jpg 1024w, https:\/\/danceteamroyal.com\/wp-content\/uploads\/2023\/08\/363878959_705081154778768_8230424760211796753_n-768x511.jpg 768w, https:\/\/danceteamroyal.com\/wp-content\/uploads\/2023\/08\/363878959_705081154778768_8230424760211796753_n-1536x1022.jpg 1536w, https:\/\/danceteamroyal.com\/wp-content\/uploads\/2023\/08\/363878959_705081154778768_8230424760211796753_n-2048x1363.jpg 2048w\" sizes=\"auto, (max-width: 300px) 100vw, 300px\" \/>\t\t\t\t\t\t\t\t<\/a>\n\t\t\t\t\t\t\t\t\t\t\t\t\t\t\t<\/div>\n\t\t\t\t<\/div>\n\t\t\t\t<div class=\"elementor-element elementor-element-031bf33 elementor-widget elementor-widget-image\" data-id=\"031bf33\" data-element_type=\"widget\" data-widget_type=\"image.default\">\n\t\t\t\t<div class=\"elementor-widget-container\">\n\t\t\t\t\t\t\t\t\t\t\t\t\t\t\t\t<a href=\"https:\/\/danceteamroyal.com\/wp-content\/uploads\/2023\/08\/304765559_6020491194703539_4595489391957384024_n.jpg\" data-elementor-open-lightbox=\"yes\" data-elementor-lightbox-title=\"304765559_6020491194703539_4595489391957384024_n\" data-e-action-hash=\"#elementor-action%3Aaction%3Dlightbox%26settings%3DeyJpZCI6MjA3NiwidXJsIjoiaHR0cHM6XC9cL2RhbmNldGVhbXJveWFsLmNvbVwvd3AtY29udGVudFwvdXBsb2Fkc1wvMjAyM1wvMDhcLzMwNDc2NTU1OV82MDIwNDkxMTk0NzAzNTM5XzQ1OTU0ODkzOTE5NTczODQwMjRfbi5qcGcifQ%3D%3D\">\n\t\t\t\t\t\t\t<img loading=\"lazy\" decoding=\"async\" width=\"300\" height=\"240\" src=\"https:\/\/danceteamroyal.com\/wp-content\/uploads\/2023\/08\/304765559_6020491194703539_4595489391957384024_n-300x240.jpg\" class=\"attachment-medium size-medium wp-image-2076\" alt=\"\" srcset=\"https:\/\/danceteamroyal.com\/wp-content\/uploads\/2023\/08\/304765559_6020491194703539_4595489391957384024_n-300x240.jpg 300w, https:\/\/danceteamroyal.com\/wp-content\/uploads\/2023\/08\/304765559_6020491194703539_4595489391957384024_n-1024x820.jpg 1024w, https:\/\/danceteamroyal.com\/wp-content\/uploads\/2023\/08\/304765559_6020491194703539_4595489391957384024_n-768x615.jpg 768w, https:\/\/danceteamroyal.com\/wp-content\/uploads\/2023\/08\/304765559_6020491194703539_4595489391957384024_n.jpg 1440w\" sizes=\"auto, (max-width: 300px) 100vw, 300px\" \/>\t\t\t\t\t\t\t\t<\/a>\n\t\t\t\t\t\t\t\t\t\t\t\t\t\t\t<\/div>\n\t\t\t\t<\/div>\n\t\t\t\t<div class=\"elementor-element elementor-element-fdf86b4 elementor-widget elementor-widget-image\" data-id=\"fdf86b4\" data-element_type=\"widget\" data-widget_type=\"image.default\">\n\t\t\t\t<div class=\"elementor-widget-container\">\n\t\t\t\t\t\t\t\t\t\t\t\t\t\t\t<img loading=\"lazy\" decoding=\"async\" width=\"240\" height=\"300\" src=\"https:\/\/danceteamroyal.com\/wp-content\/uploads\/2023\/08\/347262626_229252749859353_2471426109108917524_n-240x300.jpg\" class=\"attachment-medium size-medium wp-image-2110\" alt=\"\" srcset=\"https:\/\/danceteamroyal.com\/wp-content\/uploads\/2023\/08\/347262626_229252749859353_2471426109108917524_n-240x300.jpg 240w, https:\/\/danceteamroyal.com\/wp-content\/uploads\/2023\/08\/347262626_229252749859353_2471426109108917524_n-819x1024.jpg 819w, https:\/\/danceteamroyal.com\/wp-content\/uploads\/2023\/08\/347262626_229252749859353_2471426109108917524_n-768x960.jpg 768w, https:\/\/danceteamroyal.com\/wp-content\/uploads\/2023\/08\/347262626_229252749859353_2471426109108917524_n-1229x1536.jpg 1229w, https:\/\/danceteamroyal.com\/wp-content\/uploads\/2023\/08\/347262626_229252749859353_2471426109108917524_n.jpg 1440w\" sizes=\"auto, (max-width: 240px) 100vw, 240px\" \/>\t\t\t\t\t\t\t\t\t\t\t\t\t\t\t<\/div>\n\t\t\t\t<\/div>\n\t\t\t\t\t<\/div>\n\t\t\t\t<\/div>\n\t\t\t\t<\/div>\n\t\t\t\t\t<\/div>\n\t\t\t\t<\/div>\n\t\t\t\t\t\t\t<\/div>\n\t\t","protected":false},"excerpt":{"rendered":"<p>Osaledes laagris on lapsel vaja kaasa v\u00f5tta oma veepudel, spordiriided, tantsutreeningu riided+jalan\u00f5ud. Treeninglaager Laager Laste laagrid toimuvad koolivaheaegadel.Meil on lapsel v\u00f5imalus osalaleda tantsulaagris ja spordilaagris. Laagris osalemiseks v\u00f5ta \u00fchendust treeneritega.<\/p>\n","protected":false},"author":2,"featured_media":0,"parent":0,"menu_order":0,"comment_status":"closed","ping_status":"closed","template":"","meta":{"site-sidebar-layout":"no-sidebar","site-content-layout":"page-builder","ast-global-header-display":"","ast-banner-title-visibility":"","ast-main-header-display":"","ast-hfb-above-header-display":"","ast-hfb-below-header-display":"","ast-hfb-mobile-header-display":"","site-post-title":"disabled","ast-breadcrumbs-content":"","ast-featured-img":"disabled","footer-sml-layout":"","theme-transparent-header-meta":"enabled","adv-header-id-meta":"","stick-header-meta":"","header-above-stick-meta":"","header-main-stick-meta":"","header-below-stick-meta":"","footnotes":""},"class_list":["post-1813","page","type-page","status-publish","hentry"],"_links":{"self":[{"href":"https:\/\/danceteamroyal.com\/index.php\/wp-json\/wp\/v2\/pages\/1813","targetHints":{"allow":["GET"]}}],"collection":[{"href":"https:\/\/danceteamroyal.com\/index.php\/wp-json\/wp\/v2\/pages"}],"about":[{"href":"https:\/\/danceteamroyal.com\/index.php\/wp-json\/wp\/v2\/types\/page"}],"author":[{"embeddable":true,"href":"https:\/\/danceteamroyal.com\/index.php\/wp-json\/wp\/v2\/users\/2"}],"replies":[{"embeddable":true,"href":"https:\/\/danceteamroyal.com\/index.php\/wp-json\/wp\/v2\/comments?post=1813"}],"version-history":[{"count":13,"href":"https:\/\/danceteamroyal.com\/index.php\/wp-json\/wp\/v2\/pages\/1813\/revisions"}],"predecessor-version":[{"id":2136,"href":"https:\/\/danceteamroyal.com\/index.php\/wp-json\/wp\/v2\/pages\/1813\/revisions\/2136"}],"wp:attachment":[{"href":"https:\/\/danceteamroyal.com\/index.php\/wp-json\/wp\/v2\/media?parent=1813"}],"curies":[{"name":"wp","href":"https:\/\/api.w.org\/{rel}","templated":true}]}}